the thousands digit of 9614?
9
What is the hundreds digit of 53429?
4
What is the tens digit of 2593?
9
What is the hundreds digit of 15817?
8
What is the tens digit of 3077?
7
What is the tens digit of 5280?
8
What is the tens digit of 1132?
3
What is the units digit of 122965?
5
What is the tens digit of 8289?
8
What is the hundreds digit of 334?
3
What is the tens digit of 791?
9
What is the thousands digit of 61567?
1
What is the hundreds digit of 9959?
9
What is the units digit of 6536?
6
What is the thousands digit of 11941?
1
What is the tens digit of 7429?
2
What is the hundreds digit of 16379?
3
What is the thousands digit of 4737?
4
What is the thousands digit of 1235?
1
What is the units digit of 4001?
1
What is the units digit of 801?
1
What is the units digit of 256?
6
What is the units digit of 43462?
2
What is the tens digit of 6867?
6
What is the hundreds digit of 459?
4
What is the units digit of 33093?
3
What is the hundreds digit of 218?
2
What is the tens digit of 31197?
9
What is the tens digit of 418?
1
What is the tens digit of 27?
2
What is the ten thousands digit of 178627?
7
What is the thousands digit of 2665?
2
What is the thousands digit of 26509?
6
What is the ten thousands digit of 148014?
4
What is the thousands digit of 15762?
5
What is the ten thousands digit of 88198?
8
What is the units digit of 2023?
3
What is the tens digit of 14029?
2
What is the thousands digit of 61584?
1
What is the hundreds digit of 12015?
0
What is the units digit of 9851?
1
What is the hundreds digit of 444?
4
What is the units digit of 832?
2
What is the hundreds digit of 3152?
1
What is the units digit of 27806?
6
What is the hundreds digit of 2194?
1
What is the tens digit of 33018?
1
What is the units digit of 2353?
3
What is the thousands digit of 38975?
8
What is the hundreds digit of 1337?
3
What is the units digit of 3028?
8
What is the thousands digit of 1078?
1
What is the tens digit of 3726?
2
What is the hundreds digit of 135?
1
What is the hundreds digit of 3985?
9
What is the tens digit of 28892?
9
What is the units digit of 45?
5
What is the units digit of 86739?
9
What is the units digit of 42669?
9
What is the units digit of 21409?
9
What is the hundreds digit of 6908?
9
What is the hundreds digit of 24698?
6
What is the tens digit of 2267?
6
What is the hundreds digit of 54916?
9
What is the units digit of 160?
0
What is the hundreds digit of 5545?
5
What is the units digit of 779?
9
What is the hundreds digit of 66174?
1
What is the thousands digit of 1095?
1
What is the ten thousands digit of 10365?
1
What is the tens digit of 798?
9
What is the hundreds digit of 3646?
6
What is the hundreds digit of 3316?
3
What is the thousands digit of 184820?
4
What is the tens digit of 2899?
9
What is the ten thousands digit of 37843?
3
What is the ten thousands digit of 48050?
4
What is the tens digit of 7570?
7
What is the ten thousands digit of 48176?
4
What is the units digit of 876?
6
What is the tens digit of 9579?
7
What is the hundreds digit of 3082?
0
What is the units digit of 22801?
1
What is the tens digit of 2854?
5
What is the ten thousands digit of 42615?
4
What is the thousands digit of 6077?
6
What is the units digit of 17173?
3
What is the units digit of 49227?
7
What is the thousands digit of 6351?
6
What is the ten thousands digit of 115392?
1
What is the tens digit of 7072?
7
What is the thousands digit of 16882?
6
What is the hundreds digit of 3345?
3
What is the units digit of 638?
8
What is the thousands digit of 78309?
8
What is the hundreds digit of 365?
3
What is the units digit of 3797?
7
What is the hundreds digit of 426?
4
What is the tens digit of 4025?
2
What is the tens digit of 45442?
4
What is the hundreds digit of 2168?
1
What is the units digit of 1064?
4
What is the tens digit of 118082?
8
What is the units digit of 916?
6
What is the thousands digit of 7131?
7
What is the thousands digit of 30374?
0
What is the units digit of 159818?
8
What is the units digit of 8887?
7
What is the hundreds digit of 2212?
2
What is the thousands digit of 4721?
4
What is the tens digit of 2737?
3
What is the thousands digit of 1697?
1
What is the hundreds digit of 1106?
1
What is the thousands digit of 71932?
1
What is the thousands digit of 3666?
3
What is the thousands digit of 2400?
2
What is the hundreds digit of 2202?
2
What is the tens digit of 9795?
9
What is the hundreds digit of 760?
7
What is the units digit of 1139?
9
What is the ten thousands digit of 15382?
1
What is the tens digit of 1217?
1
What is the tens digit of 3888?
8
What is the hundreds digit of 102413?
4
What is the hundreds digit of 22529?
5
What is the hundreds digit of 778?
7
What is the hundred thousands digit of 105953?
1
What is the units digit of 8966?
6
What is the thousands digit of 11599?
1
What is the hundreds digit of 1492?
4
What is the tens digit of 16427?
2
What is the tens digit of 5863?
6
What is the units digit of 111?
1
What is the thousands digit of 2535?
2
What is the thousands digit of 4857?
4
What is the tens digit of 1257?
5
What is the units digit of 35504?
4
What is the tens digit of 974?
7
What is the hundreds digit of 746?
7
What is the thousands digit of 38529?
8
What is the hundreds digit of 50253?
2
What is the thousands digit of 15577?
5
What is the units digit of 4977?
7
What is the hundreds digit of 5400?
4
What is the tens digit of 7247?
4
What is the units digit of 21916?
6
What is the tens digit of 7383?
8
What is the tens digit of 452?
5
What is the units digit of 79075?
5
What is the tens digit of 911?
1
What is the tens digit of 1850?
5
What is the thousands digit of 2534?
2
What is the ten thousands digit of 10230?
1
What is the thousands digit of 1096?
1
What is the hundreds digit of 17605?
6
What is the tens digit of 862?
6
What is the ten thousands digit of 15713?
1
What is the thousands digit of 2425?
2
What is the units digit of 16657?
7
What is the hundreds digit of 13694?
6
What is the units digit of 462?
2
What is the thousands digit of 2559?
2
What is the hundreds digit of 4410?
4
What is the thousands digit of 6050?
6
What is the ten thousands digit of 17636?
1
What is the hundreds digit of 5220?
2
What is the hundreds digit of 140604?
6
What is the thousands digit of 1886?
1
What is the hundreds digit of 37174?
1
What is the tens digit of 617?
1
What is the hundreds digit of 6092?
0
What is the tens digit of 23779?
7
What is the units digit of 18121?
1
What is the thousands digit of 18218?
8
What is the hundreds digit of 808?
8
What is the hundreds digit of 18830?
8
What is the units digit of 2525?
5
What is the ten thousands digit of 37929?
3
What is the hundreds digit of 10577?
5
What is the tens digit of 2824?
2
What is the tens digit of 2178?
7
What is the tens digit of 812?
1
What is the hundred thousands digit of 145998?
1
What is the hundreds digit of 279?
2
What is the units digit of 21364?
4
What is the hundreds digit of 890?
8
What is the ten thousands digit of 19720?
1
What is the units digit of 35169?
9
What is the tens digit of 5217?
1
What is the tens digit of 2507?
0
What is the ten thousands digit of 14030?
1
What is the hundreds digit of 1170?
1
What is the units digit of 5719?
9
What is the units digit of 143?
3
What is the units digit of 1491?
1
What is the tens digit of 19014?
1
What is the tens digit of 942?
4
What is the thousands digit of 3331?
3
What is the tens digit of 365?
6
What is the hundred thousands digit of 133335?
1
What is the units digit of 12336?
6
What is the thousands digit of 91824?
1
What is the ten thousands digit of 37496?
3
What is the tens digit of 1079?
7
What is the tens digit of 622?
2
What is the thousands digit of 8055?
8
What is the units digit of 65253?
3
What is the hundreds digit of 2946?
9
What is the units digit of 12712?
2
What is the hundreds digit of 1504?
5
What is the hundreds digit of 1537?
5
What is the units digit of 11115?
5
What is the hundreds digit of 31362?
3
What is the hundreds digit of 1085?
0
What is the hundreds digit of 775?
7
What is the hundreds digit of 270?
2
What is the hundreds digit of 3380?
3
What is the hundreds digit of 5728?
7
What is the units digit of 687?
7
What is the tens digit of 6039